. What is w(l)?
-7
Let h = -7 - -9. Suppose 3*n = h*n - 2*v + 12, -3*v = -12. Let z(y) = -4 + 2*y + n + 5 - y**3 - 2 + 3*y**2. Calculate z(3).
9
Let i(b) = -3*b**2 + 7*b + 21. Let c be i(6). Let s = c + 51. Let z(v) = 3 - 2*v - 3. What is z(s)?
-12
Let i(q) = -q**2 - 2*q + 4. Suppose 5*a - 3*k - 23 = a, 2*a + 3*k = -11. Suppose -2*r + 4*h - a*h - 12 = 0, -r = 3*h - 2. What is i(r)?
-4
Let t(v) be the second derivative of -v**5/20 + v**4/3 - v**3/6 - v**2/2 - 87*v + 1. Calculate t(3).
5
Let u(s) = s - 7. Let j(r) = 10*r - 64. Let y(p) = 2*j(p) - 18*u(p). Calculate y(1).
0
Let n(q) = -q**3 - 8*q**2 + 10*q + 5. Let l be (-1 - 5) + -1 - (3 - 1). Give n(l).
-4
Let q(j) be the second derivative of j**4/12 - 5*j**3/6 - 5*j**2/2 + 126*j. Calculate q(5).
-5
Let j = 5 - -3. Let p(y) = -y + 17. Determine p(j).
9
Let h(j) = -11 + j + 0*j**2 + 4 - j**2. Suppose 8 - 12 = -n. Suppose -9 = -0*i - 3*i, -n*i = -3*b - 12. Determine h(b).
-7
Suppose -288 = -0*c + 6*c. Let k = c - -43. Let l(d) = -5 - 3*d**3 + 6*d**3 - 2*d**3 - 5*d + 4*d**2. Determine l(k).
-5
Let c(q) = q**3 - 7*q**2 + 14*q - 17. Let a be c(5). Let o(d) = d**3 - 2*d**2 - 3*d - 4. Determine o(a).
-4
Suppose 4*f + 22 = 5*s, -5*f - 25 = -7*s + 2*s. Let i(x) = 3*x - 6 - 43*x**3 - 4*x**2 + s*x + 42*x**3. What is i(-5)?
-6
Let j(u) be the second derivative of -u**5/20 + 5*u**4/12 + 5*u**2/2 + 3*u + 14. Calculate j(5).
5
Let v(g) = 2*g**2 + 7*g - 1. Let u = -26 + 19. Let i(y) = -y**2 - 3*y + 1. Let z(h) = u*i(h) - 3*v(h). What is z(3)?
5
Suppose -5*d - 5 = 2*c + 12, -16 = -4*c. Let b = 23 - 18. Let i(w) = -8 + b - 5*w**2 - 3*w - w**3 + 0. What is i(d)?
12
Let j be 0 + ((-5)/(-5) - -3). Suppose 0 = 5*g - g - 4*w + 12, 2*g = -j*w - 18. Let l(z) = z**3 + 4*z**2 - 5*z - 7. Determine l(g).
-7
Let f be -6 + (-2 - (-3 + 0)). Let k(z) be the first derivative of -z**2 + 1/4*z**4 + 2 - 6*z + 5/3*z**3. Give k(f).
4
Let b(g) = g - 3. Let j be 3*(5 - (4 + 0)). Let x be 9 + (-12)/(-24)*-2*j. What is b(x)?
3
Let j(n) = 4*n**3 - 2*n**2 + 1. Suppose 15*z = 11*z + 12. Let p(g) = g**3. Let l(h) = z*p(h) - j(h). Suppose -3*w - 4 = w. Calculate l(w).
2
Let q(v) = -v**2 + 17*v + 10. Suppose -188 = f - 203. Calculate q(f).
40
Let r(l) = l**3 + l**2 - 3*l - 3. Let s be 5/(-3) - 3/9. Let b be r(s). Let j(y) = 2*y + 2*y**2 + 6*y**3 + y**3 - y. Calculate j(b).
-6
Let p(i) = i**2 + 7*i - 5. Let y be (-1)/(-3) + (2200/33)/(-8). What is p(y)?
3
Let l(b) = b**2 + 41*b + 322. Let m be l(-12). Let t(p) = p + 21. What is t(m)?
-5
Let t(r) be the third derivative of -r**6/720 + r**5/60 + r**4/2 - 15*r**2. Let i(u) be the second derivative of t(u). What is i(-4)?
6
Let g(r) be the second derivative of 0*r**2 + 0*r**3 + 1/12*r**4 + 17*r + 0 - 1/20*r**5. Calculate g(1).
0
Let l be (-4 - -2) + 1 + 5. Let g(c) = 5*c - 4. What is g(l)?
16
Suppose 27 = -31*y + 28*y + 3*l, 2*l = 5*y + 45. Let i(q) = 2*q + 9. Calculate i(y).
-9
Let o(z) = z**2 - z - 2*z**2 + 6 + 3*z. Let g = -234 - -135. Let b = 104 + g. Give o(b).
-9
Suppose -2*q - 4*r = -r + 11, 5*q - 25 = 3*r. Let w(m) = m + 1. Let j(f) = -2*f - 5. Let x(p) = -j(p) - 4*w(p). What is x(q)?
-3
Let s = 1332 - 1342. Let b(h) = 3*h**2 + 29*h - 13. Give b(s).
-3
Let o(z) be the first derivative of -z**3/3 - 2*z**2 - 3*z - 1. Let i = -10 + 20. Suppose i = 4*x + 26. Determine o(x).
-3
Suppose 10*r - 16*r = -24. Let l(c) be the first derivative of 3/4*c**r + 2/3*c**3 + 0*c - 1/2*c**2 + 2. Calculate l(1).
4
Let c(r) = -r**3 + 4*r**2 + 21*r + 2. Let s be c(7). Let b(f) = -3*f**2 + 4*f - 3. Give b(s).
-7
Let a(n) = -8*n + 10. Let z(m) = -9*m + 8. Let u(s) = 4*a(s) - 5*z(s). Give u(-1).
-13
Suppose -2*q - 11 = -3. Let v be ((-5)/((-45)/6))/1*3. Let b(r) = 2*r**2 + 12 + r**3 + r - 15 + v*r**2. What is b(q)?
-7
Let g(s) be the first derivative of -5*s**3/6 + 2*s**2 - 47*s - 12. Let z(i) be the first derivative of g(i). Give z(3).
-11
Let g(q) be the second derivative of q**3 - 2*q**2 - 134*q. Calculate g(-4).
-28
Let d(h) = 3*h - 2. Suppose c + 9 = 3*x, -3*x + 3*c - 1 + 4 = 0. Let k = x + -2. Give d(k).
4
Let f(d) be the third derivative of d**8/6720 + d**7/315 - d**6/720 - d**5/20 - 7*d**4/8 + 12*d**2. Let m(s) be the second derivative of f(s). Calculate m(-8).
2
Let m(y) = -23*y**2 + y - 1. Suppose 3*r - 2*g - 7 = -2*r, 4*r - 1 = -3*g. Determine m(r).
-23
Let l(a) = 3*a**2 + 5*a - 6. Let y(b) = -7*b**2 - 10*b + 13. Let c(f) = 5*l(f) + 2*y(f). Let j(g) = -18*g - 95. Let w be j(-5). What is c(w)?
-4
Let c(a) = 7*a**2 - 4*a - 2. Let d(w) = -w**2 + w. Let f(k) = -c(k) - 3*d(k). Let p be f(-1). Let s(q) = 2*q**2 + 4*q + 1. Give s(p).
7
Let v(d) = 9*d**2 + 9*d - 7. Let n(t) = -19*t**2 - 19*t + 15. Let p(u) = 6*n(u) + 13*v(u). Determine p(3).
35
Let y(h) be the first derivative of -h**7/840 + h**6/40 - h**5/60 - h**4/24 + 12*h**3 - 23. Let t(v) be the third derivative of y(v). Calculate t(9).
-19
Let t(g) = 5*g - 1. Let c(z) = 6*z - 2. Let k(p) = -3*c(p) + 4*t(p). Determine k(-2).
-2
Let b(h) = -h**2 - 5*h + 7. Let m(y) = y**2 + 83*y - 540. Let v be m(6). Calculate b(v).
1
Let s(j) be the first derivative of -j**5/40 + j**4/24 + 2*j**3/3 + 6. Let o(t) be the third derivative of s(t). Give o(3).
-8
Let v(i) = -9*i - 62. Let j be v(-8). Let d(n) = -4*n + 38. Determine d(j).
-2
Let c(j) = -2*j - 1. Let d be c(-2). Let r(t) be the first derivative of -3/2*t**2 + 4*t - 1/3*t**3 - 24 + 1/4*t**4. What is r(d)?
13
Suppose -2*p - 5*y - 50 = 0, -2*y + 6*y - 38 = p. Let d be 18/p - (-6)/10. Let r(j) = 0*j + j + 0 - 5 - j**3 + d*j**3. Give r(0).
-5
Let j be -2 - -7 - (1 + 55). Let x = -57 - j. Let c(f) = -f**2 - 4*f - 1. Calculate c(x).
-13
Let v(x) = -x + 1. Let s(c) = 24*c**2 + c - 1. Let a be s(1). Let k(n) = 10*n + 44*n**3 - 5 - a*n**3 + 8*n**2 - 21*n**3. Let u be k(9). Calculate v(u).
-3
Let c = -130 + 123. Let s(h) = -3*h + 8. What is s(c)?
29
Let l(r) = 10*r - 3. Let h be l(1). Suppose -4 = -3*s + 5. Let j(c) = -4*c**2 + 7 - 6*c - s + 5*c**2 - c. Calculate j(h).
4
Let k(q) = -q**2 + 8*q + 6. Let o(f) = f**3 - 51*f**2 + 51*f - 41. Let v be o(50). Determine k(v).
-3
Suppose 60 = -5*z - 5. Let j = z - -16. Let i(b) be the first derivative of 2*b**3/3 - 3*b**2/2 - 3*b - 11. Give i(j).
6
Let i(u) = 2*u**2 - u + 1. Let b(f) = -9*f. Let w be b(-1). Suppose w = y + 2*y. Suppose -4*q = 3*j - 15, -q = -0*q - y. Determine i(j).
2
Suppose 8*h = 4*h + 8. Let w(d) = -5*d**2 - d + 4*d**2 - h*d + 6*d + 1. Suppose 3*y - 5*y = -6. Calculate w(y).
1
Let h(k) = -2*k - 4. Let o(b) = 2*b - 1. Let q(l) = -h(l) - 2*o(l). Give q(-4).
14
Let t(v) = -v**3 - 8*v**2 - v - 4. Let o = -618 + 610. Calculate t(o).
4
Let g(t) = t**2 + 2*t - 5. Let i = -5 - 6. Let d(v) be the second derivative of -v**4/2 - 3*v**3/2 + 13*v**2 - 2*v. Let s(h) = i*g(h) - 2*d(h). What is s(2)?
-1
Let v be ((-96)/128)/(-2 - 18/(-8)). Let w(d) = 5*d - 4. Calculate w(v).
-19
Let p = 8 - 4. Let q(b) = -3*b**2 + 5*b + 10. Let o(u) = 7*u**2 - 10*u - 21. Let h(n) = p*o(n) + 9*q(n). Let w = -56 + 50. Determine h(w).
12
Let f = 18 - 19. Let z be (-19)/(-2) + f/2. Let w(h) = -h**2 + 8*h + 11. Determine w(z).
2
Let j(i) = -6*i - 5. Let z be -2 + (6/1 - 8). What is j(z)?
19
Let h(x) = x**2 + 2*x + 2. Let k(i) = -i**3 + i + 90. Let s be k(0). Let m be (4/(-6))/((-10)/s). Let u be (6/4)/((-3)/m). Determine h(u).
5
Let a(f) = f - 9. Let w be (14 - (-1 - -12))*(-3)/(-1). Determine a(w).
0
Let r(b) = -b**2 - 17*b - 10. Let d(p) = p + 1. Let y(z) = -5*d(z) - r(z). Give y(-12).
5
Suppose -3*i = -5*k - 13, k - 7 = 3*k - 3*i. Let m(l) be the second derivative of -l**2 + 3*l + 0 + 2/3*l**3. Determine m(k).
-10
Let h = -3124 + 3128. Let n(p) = -p**2 + p**2 + 6*p - 6 - p**2. Give n(h).
2
Let w be ((-18)/24)/((-1)/(-4)). Let z(p) = 2*p - 2. Let s(v) = -5*v + 5. Let i(t) = 3*s(t) + 7*z(t). Give i(w).
4
Suppose -8 = n - 84. Suppose -3*r + t = -80, -8*t = 2*r - 3*t - n. Let u(p) = -p**2 + 0*p**2 + 25*p - r*p. Calculate u(-4).
-4
Suppose -1 + 4 = q. Let u(p) = 72*p**3 - 35*p**3 - 4*p**2 - 4 - 36*p**3 + 3*p. Calculate u(q).
-4
Suppose 5*g - 27 = -3*r, -g + 12*r - 7*r = 17. Let k(l) be the third derivative of l**3 + 0*l - g*l**2 - 1/10*l**5 + 0 + 0*l**4 - 1/120*l**6. Give k(-6).
6
Let n(y) = -y - 5. Let o be n(-8). Let m(r) = 0 + 1 - 2 - r**2 - o*r**3 + 4*r**3. Suppose k + 3 = -3*x + 6, -14 = -4*x 